i + 6. What are the prime factors of o(-6)?
2, 3, 5, 7
Let q(d) = 8*d - d**2 + 0*d**2 + 3*d**2 + 8 - 3*d**2. List the prime factors of q(6).
2, 5
Let d(b) = 10*b + 2. Suppose -7 = -4*p + 4*g + g, -3*p + g + 8 = 0. Let x be d(p). What are the prime factors of x/10*5/2?
2
Let m(j) be the second derivative of j**4/6 + 7*j**3/6 - 3*j**2 + j. Let w be m(-7). Let f = w - 31. List the prime factors of f.
2, 3
Suppose v - 148 = 5*y, 5*v - 2*y - 694 = -0*v. What are the prime factors of v?
2, 3, 23
Suppose -2*m + 86 = 5*s, -4*m + 4*s = 5*s - 136. List the prime factors of m.
3, 11
Let u(x) = -3 + 10 + 2 - x. Suppose 0 = -0*c - 2*c + 12. List the prime factors of u(c).
3
Let d be (-1)/(-2)*(124 - 0). Let m = d - 32. What are the prime factors of m?
2, 3, 5
Let r(d) = d**2 + 5*d - 7. What are the prime factors of r(-10)?
43
Let z(h) = -h**2 - 2*h + 1. Let c be z(-2). List the prime factors of 0/(c - 2) + 2.
2
Let s be 1/4 - (-26)/(-8). Let p be -3*(-12)/(-27)*s. Suppose -3*j = k - 16, -p*j + 0*j - 4 = -5*k. List the prime factors of j.
2
Suppose 0 = 4*n - 5*n - 18. Let i = n - -36. What are the prime factors of i?
2, 3
Let h = -1 - -5. Let l(z) = z**2 + 3*z - 3. Let b be l(-5). Suppose -h*y = -b - 29. What are the prime factors of y?
3
Let j(v) = 90*v**3 - v**2 + v. List the prime factors of j(1).
2, 3, 5
Let m = 4 - 11. Let r = 11 + m. Suppose 2*j + 0*b - 3*b - 10 = 0, -r*b = -8. List the prime factors of j.
2
Let g(k) = -4*k**2 + 5*k + 8. Let v(p) = -p**2 + p + 1. Let o(h) = -g(h) + 6*v(h). Let t be o(-2). What are the prime factors of (t/15)/(2/(-5))?
2
List the prime factors of ((-6)/9)/((-4)/162).
3
Let k(u) = -3*u - 7. Let v(o) = -o**2 - 7*o + 9. Let f be v(-7). Let l be k(f). List the prime factors of l/((-1)/((-3)/(-6))).
17
Suppose 8*t + 17 = 41. List the prime factors of t.
3
Let w(q) = -q. Let y be 8/(-12) - 16/3. Let s be w(y). List the prime factors of 3/6*s*4.
2, 3
Let t(f) = 95*f**2 + 3*f - 3. List the prime factors of t(-2).
7, 53
Suppose -3*n + 6*n = -18. Let u = -5 - n. What are the prime factors of 13 - (0/1)/u?
13
List the prime factors of 6/27 - (-14886)/81.
2, 23
Let j be (-3 - 2)/(2/(-14)). What are the prime factors of 4/(-22) + j/11?
3
Let c(z) = -3*z**3 + 2*z**2 + 3*z + 3. What are the prime factors of c(-2)?
29
Let p = -61 + 188. Let b = p + -83. Suppose 0*n - 4*n = -b. What are the prime factors of n?
11
Suppose -7*d + 10*d = -3*x + 603, 0 = 3*d - 4*x - 596. List the prime factors of d.
2, 5
Suppose -51 = -0*c - c. What are the prime factors of c?
3, 17
Let d(j) = 2*j - 12. Let u be d(6). Suppose -32 = -s - u. List the prime factors of s.
2
Let f(d) = 4*d**2 - d + 13. List the prime factors of f(4).
73
Suppose 5*d - 77 = 3*v, 0 = -5*d - 3*v + 49 + 34. Suppose 4*a - 20 = -0*a. Let y = d - a. List the prime factors of y.
11
Let s(c) be the first derivative of c**3/3 + c**2 - 2*c - 1. List the prime factors of s(-5).
13
Let n(j) = 28*j**2 - j + 1. Suppose -4*q - l = -3, 2*l - 2 + 7 = 3*q. Let i be n(q). List the prime factors of 3/2*i/6.
7
Let a be -15*1/((-10)/6). Suppose a = -v + 34. List the prime factors of v.
5
Let w = -124 - -233. List the prime factors of w.
109
Suppose 2*h - h - 28 = 3*z, 5*z = -3*h - 28. Let b = z + 10. What are the prime factors of b?
2
Let z = -18 + 31. List the prime factors of z.
13
Suppose p + 4*p - 80 = 4*o, -3*p = 3*o - 75. Suppose 3*j = -j - p. What are the prime factors of (-54)/j + 1/5?
11
Suppose -j - h + 5*h + 25 = 0, 4*j - 3*h = 152. List the prime factors of j.
41
Suppose -f = 5*v - 3*f - 24, -5*v - 4*f = -12. List the prime factors of v.
2
Suppose -4*y + 0*y + 3*j = -45, -21 = -y + 4*j. What are the prime factors of y?
3
Let t(h) = 11*h + 56. List the prime factors of t(7).
7, 19
Let v(m) = -m**3 + 10*m**2 - 13*m + 12. Suppose 2*j + 2*w - w = 18, -3*j + 16 = -4*w. What are the prime factors of v(j)?
2, 3
Let c be (24/(-15))/((-1)/(-20)). Let r be (-10)/(-8)*(c + 4). Let w = -20 - r. What are the prime factors of w?
3, 5
Let t be -424*(0 - (-9)/12). List the prime factors of 2/11 + t/(-66).
5
Let p be (0 - 2*-6) + -2. Suppose l - p = -2. List the prime factors of l.
2
Let r be 3*(-3)/(-9)*7. Let u = -9 + 5. Let x = r + u. List the prime factors of x.
3
Let i(l) = l**3 + 7*l**2 + 6*l - 2. What are the prime factors of i(-5)?
2, 3
Let w(d) = -d + 10. Let z = 0 - -4. Let u be 38/5 + z/10. What are the prime factors of w(u)?
2
Suppose 22 + 50 = 2*s. List the prime factors of s.
2, 3
Let t(q) = q**3 + 4*q**2 - 3*q - 1. Suppose -25 = 5*u - 0*u. Let a be t(u). Let h = 22 + a. What are the prime factors of h?
11
Let c(a) be the first derivative of -7*a**2/2 + 3*a - 4. What are the prime factors of c(-3)?
2, 3
Let c = 20 + 1. List the prime factors of c.
3, 7
Suppose -6*m + 60 = 5*z - m, 21 = 2*z + 5*m. What are the prime factors of z?
13
Let w(h) = -h**3 - 4*h**2 + 4. Let b be w(-4). Suppose 30 = b*x + 2. What are the prime factors of x?
7
Let u be (-224)/(-10) + 10/(-25). Suppose 4*g = 14 + u. What are the prime factors of g?
3
List the prime factors of 7/(210/(-12))*(-250)/2.
2, 5
Let o(h) be the first derivative of 1/3*h**3 + 2 + h**2 - 5/4*h**4 + h. What are the prime factors of o(-1)?
5
What are the prime factors of 10*1/2*12?
2, 3, 5
Suppose -3*i - 30 = -2*o, -5*o = -3*i - 22 - 17. Let f = i + 16. What are the prime factors of f?
2
Let p be (-284)/(-28) - (-2)/(-14). Suppose -4*j - i + 2 = 2*i, -5*i = p. Suppose 3*l - c = -16 + 81, -j*l = -3*c - 55. What are the prime factors of l?
2, 5
Suppose 3*u - 67 = 3*r - 412, -20 = -4*u. What are the prime factors of r?
2, 3, 5
Let o(y) = -y**3 + 8*y**2 - 5*y + 2. List the prime factors of o(3).
2
Let y(t) = t**2 + 3*t - 24. What are the prime factors of y(-8)?
2
Let s = 118 + -71. List the prime factors of s.
47
Let o(g) = -g**3 + 11*g**2 + 14*g - 5. Let u be o(12). Let v be (-4)/(-6) + (-4)/6. Suppose 4*q = 5*j - 66, -u = -j - 5*q - v. What are the prime factors of j?
2, 7
Let w(z) = -31*z + 6. Let l(t) = 16*t - 3. Let q(p) = -5*l(p) - 3*w(p). What are the prime factors of q(2)?
23
Suppose h + 11 = 5*l, -4*l + l + 2*h = -8. Suppose -3*b - 2*r - r = -42, 5*b - 49 = l*r. Suppose 21 + b = 2*y. What are the prime factors of y?
2
Suppose -6*s = -5*p - 3*s + 159, -4*s = p - 18. List the prime factors of p.
2, 3, 5
Suppose -4*k + 41 = -43. Suppose -3 + 1 = 2*h, 3*i + 2*h - 40 = 0. Let v = k - i. What are the prime factors of v?
7
Let v(x) = -7*x - 8. Let q(k) = -13*k - 15. Let o(j) = 6*q(j) - 11*v(j). What are the prime factors of o(-4)?
2
Let l be (3/(-5))/(10/(-50)). Let f be (-3 - -2) + (l - 0). Suppose -5 = -2*s + 5*y, 3*s - 25 = 2*y + f*y. List the prime factors of s.
3, 5
List the prime factors of 0/(-1) - (0 - 1) - -55.
2, 7
Let b(n) = 2*n - 10. Let v be b(6). Let w be 0/1 + 0 + 33. Suppose -q = v*q - w. List the prime factors of q.
11
Let m be -1 + 2 + (-1 - -8). Let s be -1*m*1 + 2. List the prime factors of (-22)/s - 4/(-12).
2
Suppose 120 = 4*w + 3*u, -4*w - 4*u + 10 = -110. List the prime factors of w.
2, 3, 5
Suppose -r - r + 29 = -5*f, -3*r - 2*f - 4 = 0. Suppose 2*i = -i - 39. What are the prime factors of (r/2)/((-1)/i)?
13
Let l(f) = f - 1. Let p(h) = h**2 - 7*h - 1. Let b(x) = -3*l(x) - p(x). List the prime factors of b(4).
2
Let f be (2 + 2)/((-2)/(-4)). Suppose 0 = 4*p - 0 + f. List the prime factors of p/(-3) + 4/3.
2
Suppose 5*d + 0*s + s - 1035 = 0, 0 = -2*s - 10. What are the prime factors of d?
2, 13
Let p be (248/(-24))/(2/6). Let a = p - -52. Suppose 0 = -k + 2*i + i + 8, i + a = 4*k. What are the prime factors of k?
5
Let q(o) = -2*o. Let v be q(-2). Suppose 18 = v*w - w. List the prime factors of w.
2, 3
Suppose 3*z - 504 = 18. What are the prime factors of z?
2, 3, 29
Let q(b) = 2*b - 2. Let z = 0 - -5. Let k be q(z). List the prime factors of (k - 2)*1/2.
3
What are the prime factors of (-4 + 532/8)*(-8)/(-10)?
2, 5
Let z = -7 - 1. Let x = 7 + 11. Let m = z + x. List the prime factors of m.
2, 5
Suppose 3*p - 82 + 16 = 0. Let w = p + -8. List the prime factors of w.
2, 7
Suppose -n - 24 = 2*n. Suppose 4*h = -4*t - 68, 2*t + 91 = -3*h - 2*h. Let m = n - h. List the prime factors of m.
11
Let c be 7*((-4)/(-14) + 0). Let k = -65 - -3. List the prime factors of k/(-8) - c/(-8).
2
Suppose 7 + 35 = -7*i. Let n = 26 + -13. Let 